{"version":"1.0","provider_name":"Le journal du Trident","provider_url":"https:\/\/tridentnewspaper.com\/fr","title":"National Day for Truth and Reconciliation\u00a0 | Trident Newspaper","type":"rich","width":600,"height":338,"html":"<blockquote class=\"wp-embedded-content\" data-secret=\"gYGtv1UqpF\"><a href=\"https:\/\/tridentnewspaper.com\/fr\/national-day-for-truth-and-reconciliation\/\">Journ\u00e9e nationale de la v\u00e9rit\u00e9 et de la r\u00e9conciliation\u00a0<\/a><\/blockquote><iframe sandbox=\"allow-scripts\" security=\"restricted\" src=\"https:\/\/tridentnewspaper.com\/fr\/national-day-for-truth-and-reconciliation\/embed\/#?secret=gYGtv1UqpF\" width=\"600\" height=\"338\" title=\"\u00ab\u00a0National Day for Truth and Reconciliation\u00a0\u00a0\u00bb &#8212; Trident Newspaper\" data-secret=\"gYGtv1UqpF\" frameborder=\"0\" marginwidth=\"0\" marginheight=\"0\" scrolling=\"no\" class=\"wp-embedded-content\"><\/iframe><script type=\"text\/javascript\">\n\/* <![CDATA[ *\/\n\/*! This file is auto-generated *\/\n!function(d,l){\"use strict\";l.querySelector&&d.addEventListener&&\"undefined\"!=typeof URL&&(d.wp=d.wp||{},d.wp.receiveEmbedMessage||(d.wp.receiveEmbedMessage=function(e){var t=e.data;if((t||t.secret||t.message||t.value)&&!\/[^a-zA-Z0-9]\/.test(t.secret)){for(var s,r,n,a=l.querySelectorAll('iframe[data-secret=\"'+t.secret+'\"]'),o=l.querySelectorAll('blockquote[data-secret=\"'+t.secret+'\"]'),c=new RegExp(\"^https?:$\",\"i\"),i=0;i<o.length;i++)o[i].style.display=\"none\";for(i=0;i<a.length;i++)s=a[i],e.source===s.contentWindow&&(s.removeAttribute(\"style\"),\"height\"===t.message?(1e3<(r=parseInt(t.value,10))?r=1e3:~~r<200&&(r=200),s.height=r):\"link\"===t.message&&(r=new URL(s.getAttribute(\"src\")),n=new URL(t.value),c.test(n.protocol))&&n.host===r.host&&l.activeElement===s&&(d.top.location.href=t.value))}},d.addEventListener(\"message\",d.wp.receiveEmbedMessage,!1),l.addEventListener(\"DOMContentLoaded\",function(){for(var e,t,s=l.querySelectorAll(\"iframe.wp-embedded-content\"),r=0;r<s.length;r++)(t=(e=s[r]).getAttribute(\"data-secret\"))||(t=Math.random().toString(36).substring(2,12),e.src+=\"#?secret=\"+t,e.setAttribute(\"data-secret\",t)),e.contentWindow.postMessage({message:\"ready\",secret:t},\"*\")},!1)))}(window,document);\n\/* ]]> *\/\n<\/script>","thumbnail_url":"https:\/\/tridentnewspaper.com\/wp-content\/uploads\/2024\/09\/20240927HSX0311D0011-1024x683.jpg","thumbnail_width":1024,"thumbnail_height":683,"description":"The Survivors\u2019 Flag was raised on HMC ships, at CFB Halifax Headquarters, and at the 12 Wing Shearwater main gate on Friday, November 27 as part of Defence Team activities marking the upcoming National Day for Truth and Reconciliation on September 30.\u00a0 On September 30 the Survivors\u2019 Flag will be [&hellip;]"}

<blockquote class="wp-embedded-content" data-secret="gYGtv1UqpF"><a href="https://tridentnewspaper.com/fr/national-day-for-truth-and-reconciliation/">Journée nationale de la vérité et de la réconciliation </a></blockquote><iframe sandbox="allow-scripts" security="restricted" src="https://tridentnewspaper.com/fr/national-day-for-truth-and-reconciliation/embed/#?secret=gYGtv1UqpF" width="600" height="338" title="« National Day for Truth and Reconciliation  » &#8212; Trident Newspaper" data-secret="gYGtv1UqpF" frameborder="0" marginwidth="0" marginheight="0" scrolling="no" class="wp-embedded-content"></iframe><script type="text/javascript">
/* <![CDATA[ */
/*! This file is auto-generated */
!function(d,l){"use strict";l.querySelector&&d.addEventListener&&"undefined"!=typeof URL&&(d.wp=d.wp||{},d.wp.receiveEmbedMessage||(d.wp.receiveEmbedMessage=function(e){var t=e.data;if((t||t.secret||t.message||t.value)&&!/[^a-zA-Z0-9]/.test(t.secret)){for(var s,r,n,a=l.querySelectorAll('iframe[data-secret="'+t.secret+'"]'),o=l.querySelectorAll('blockquote[data-secret="'+t.secret+'"]'),c=new RegExp("^https?:$","i"),i=0;i<o.length;i++)o[i].style.display="none";for(i=0;i<a.length;i++)s=a[i],e.source===s.contentWindow&&(s.removeAttribute("style"),"height"===t.message?(1e3<(r=parseInt(t.value,10))?r=1e3:~~r<200&&(r=200),s.height=r):"link"===t.message&&(r=new URL(s.getAttribute("src")),n=new URL(t.value),c.test(n.protocol))&&n.host===r.host&&l.activeElement===s&&(d.top.location.href=t.value))}},d.addEventListener("message",d.wp.receiveEmbedMessage,!1),l.addEventListener("DOMContentLoaded",function(){for(var e,t,s=l.querySelectorAll("iframe.wp-embedded-content"),r=0;r<s.length;r++)(t=(e=s[r]).getAttribute("data-secret"))||(t=Math.random().toString(36).substring(2,12),e.src+="#?secret="+t,e.setAttribute("data-secret",t)),e.contentWindow.postMessage({message:"ready",secret:t},"*")},!1)))}(window,document);
/* ]]> */
</script>
